prime factors of 22079273.
19, 1162067
What are the prime factors of 2792961?
3, 29, 41
List the prime factors of 95682649.
53, 83, 21751
List the prime factors of 1654043457.
3, 11, 1583, 31663
What are the prime factors of 5033212828?
2, 7, 59, 431, 7069
List the prime factors of 26420156.
2, 7, 193, 4889
List the prime factors of 3928799138.
2, 11, 19, 139, 67619
What are the prime factors of 678083369?
17, 39887257
What are the prime factors of 2839951210?
2, 5, 1667, 170363
List the prime factors of 415773741.
3, 138591247
What are the prime factors of 111891437?
7, 19, 841289
List the prime factors of 888496846.
2, 444248423
What are the prime factors of 132676186?
2, 73, 908741
What are the prime factors of 235716039?
3, 13, 2014667
List the prime factors of 4623680837.
19, 4273, 56951
List the prime factors of 93447577.
1279, 73063
List the prime factors of 1830659486.
2, 137, 6681239
List the prime factors of 118467443.
3659, 32377
What are the prime factors of 163257250?
2, 5, 13, 191, 263
List the prime factors of 26207455.
5, 17, 308323
What are the prime factors of 29175606?
2, 3, 409, 1321
List the prime factors of 1755259284.
2, 3, 113, 599, 2161
What are the prime factors of 527958562?
2, 17, 15528193
List the prime factors of 106444214.
2, 1447, 36781
What are the prime factors of 114432796?
2, 28608199
List the prime factors of 595984513.
595984513
What are the prime factors of 22912676?
2, 197, 29077
List the prime factors of 3887185969.
191, 3313, 6143
What are the prime factors of 3133495244?
2, 11, 1433, 49697
What are the prime factors of 22016436?
2, 3, 13, 141131
List the prime factors of 858029048.
2, 4261, 25171
What are the prime factors of 89921418?
2, 3, 14986903
List the prime factors of 192611131.
23, 67, 124991
What are the prime factors of 266983344?
2, 3, 79, 7823
What are the prime factors of 966286901?
151, 6399251
List the prime factors of 71725425.
3, 5, 37, 25847
List the prime factors of 2568829480.
2, 5, 7, 9174391
What are the prime factors of 114861548?
2, 28715387
What are the prime factors of 119395695?
3, 5, 7959713
List the prime factors of 379217888.
2, 7, 271, 6247
What are the prime factors of 79251256?
2, 7, 661, 2141
What are the prime factors of 694287657?
3, 7, 11020439
List the prime factors of 79388263.
113, 702551
List the prime factors of 252312733.
59, 181, 23627
List the prime factors of 310905026.
2, 8819, 17627
What are the prime factors of 12112825?
5, 661, 733
List the prime factors of 92347620.
2, 3, 5, 1539127
What are the prime factors of 236704964?
2, 19, 31, 100469
What are the prime factors of 257184961?
11, 23380451
List the prime factors of 26920552.
2, 83, 40543
List the prime factors of 411744474.
2, 3, 22874693
What are the prime factors of 1237105876?
2, 23, 149, 90247
List the prime factors of 223473385.
5, 941, 47497
List the prime factors of 373311382.
2, 186655691
List the prime factors of 95043847.
239, 397673
What are the prime factors of 22110377?
22110377
What are the prime factors of 1068118275?
3, 5, 7, 23, 53, 1669
List the prime factors of 111400083.
3, 59, 69931
What are the prime factors of 170788392?
2, 3, 17, 46511
List the prime factors of 5081657753.
1031, 4928863
What are the prime factors of 163101706?
2, 17, 757, 6337
What are the prime factors of 743601177?
3, 11, 7511123
What are the prime factors of 37560675?
3, 5, 500809
What are the prime factors of 4144185?
3, 5, 19, 37, 131
List the prime factors of 844661401.
191, 4422311
What are the prime factors of 281659098?
2, 3, 7, 6706169
What are the prime factors of 17232467?
7, 29, 67, 181
What are the prime factors of 822476381?
822476381
List the prime factors of 97602694.
2, 7, 31, 224891
List the prime factors of 846743276.
2, 17, 29, 523, 821
What are the prime factors of 607716253?
607716253
List the prime factors of 584058979.
7, 11919571
What are the prime factors of 2165947004?
2, 13, 1627, 25601
List the prime factors of 85794395.
5, 79, 217201
What are the prime factors of 392415346?
2, 41, 4785553
What are the prime factors of 17481627?
3, 17, 114259
What are the prime factors of 1089790438?
2, 11, 3967, 12487
List the prime factors of 1177310927.
13, 19, 83, 57427
What are the prime factors of 189426823?
53, 3574091
What are the prime factors of 707575048?
2, 19, 41, 113539
What are the prime factors of 13802481?
3, 7, 11, 2213
List the prime factors of 1365374232.
2, 3, 702353
What are the prime factors of 2446418707?
2039, 1199813
What are the prime factors of 786941290?
2, 5, 41, 1919369
What are the prime factors of 53312471?
2477, 21523
What are the prime factors of 48346329?
3, 31, 67, 7759
What are the prime factors of 100631221?
100631221
What are the prime factors of 993249093?
3, 109, 127, 23917
What are the prime factors of 1440203160?
2, 3, 5, 11, 1091063
What are the prime factors of 545958144?
2, 3, 113, 233
What are the prime factors of 47452641?
3, 15817547
List the prime factors of 202256103.
3, 7, 9631243
List the prime factors of 18887319.
3, 11, 107, 1783
What are the prime factors of 584134564?
2, 13, 11233357
What are the prime factors of 1224968390?
2, 5, 3083, 39733
List the prime factors of 4535813832.
2, 3, 11, 17181113
List the prime factors of 83208730.
2, 5, 11, 756443
List the prime factors of 31443846.
2, 3, 7, 17, 47, 937
List the prime factors of 35247390.
2, 3, 5, 1174913
What are the prime factors of 8684361253?
8684361253
What are the prime factors of 357234238?
2, 19, 29, 179, 1811
What are the prime factors of 141103124?
2, 43, 820367
List the prime factors of 40446784.
2, 7, 137, 659
List the prime factors of 3593011526.
2, 13, 138192751
List the prime factors of 24171309.
3, 197, 13633
List the prime factors of 5565545187.
3, 17, 107, 163, 6257
List the prime factors of 161411975.
5, 6456479
List the prime factors of 363515402.
2, 59, 127, 191
What are the prime factors of 997823573?
997823573
What are the prime factors of 39050323?
13, 231067
What are the prime factors of 3923536?
2, 41, 5981
List the prime factors of 9717065.
5, 1943413
What are the prime factors of 19839939?
3, 7, 967, 977
What are the prime factors of 145900777?
11, 2939, 4513
What are the prime factors of 402314557?
402314557
What are the prime factors of 616759828?
2, 154189957
What are the prime factors of 3408741124?
2, 852185281
List the prime factors of 97959189.
3, 499, 65437
What are the prime factors of 124891532?
2, 53, 589111
List the prime factors of 2264437498.
2, 409, 2768261
List the prime factors of 78205644.
2, 3, 11, 17, 11617
List the prime factors of 412802632.
2, 11, 251, 1699
What are the prime factors of 55048136?
2, 11, 13, 48119
What are the prime factors of 1400600068?
2, 7, 50021431
List the prime factors of 105328610.
2, 5, 10532861
List the prime factors of 1814140959.
3, 604713653
What are the prime factors of 5102912609?
37, 137916557
List the prime factors of 3146867259.
3, 1048955753
List the prime factors of 91235849.
91235849
List the prime factors of 719665302.
2, 3, 5023, 23879
List the prime factors of 167259244.
2, 71, 588941
List the prime factors of 35627462.
2, 13, 1370287
What are the prime factors of 33682691?
7, 37, 47, 2767
List the prime factors of 227522882.
2, 4691, 24251
List the prime factors of 1228361711.
4721, 260191
What are the prime factors of 1033059357?
3, 11, 10434943
What are the prime factors of 833596178?
2, 67, 233, 26699
List the prime factors of 2902040902.
2, 1451020451
What are the prime factors of 922243773?
3, 11, 1301, 21481
List the prime factors of 910464056.
2, 113808007
List the prime factors of 413565145.
5, 7, 149, 11329
List the prime factors of 131644700.
2, 5, 11, 119677
List the prime factors of 852263861.
29, 131, 263, 853
What are the prime factors of 1342487783?
7, 13, 167, 88339
What are the prime factors of 50852113?
13, 19, 205879
What are the prime factors of 2557609366?
2, 13, 193, 509687
What are the prime factors of 64960398?
2, 3, 1867, 1933
List the prime factors of 1245169081.
13, 95782237
What are the prime factors of 14942328?
2, 3, 43, 14479
What are the prime factors of 4493785087?
11, 37, 83, 137, 971
List the prime factors of 247177031.
103, 337, 7121
List the prime fact